{"id":328,"date":"2020-09-21T12:42:11","date_gmt":"2020-09-21T12:42:11","guid":{"rendered":"https:\/\/nefele.dev\/shop\/?post_type=product&#038;p=328"},"modified":"2020-10-19T13:46:28","modified_gmt":"2020-10-19T13:46:28","slug":"curso-introduccion-xailer-4-horas","status":"publish","type":"product","link":"https:\/\/nefele.dev\/shop\/producto\/curso-introduccion-xailer-4-horas\/","title":{"rendered":"Curso Introducci\u00f3n Xailer (4 Horas)"},"content":{"rendered":"<p><strong>PROXIMO CURSO:\u00a0<\/strong><\/p>\n<p><strong>\u00a0 \u00a0 \u00a0 \u00a0 \u00a0Para la realizaci\u00f3n del curso se requerir\u00e1 un m\u00ednimo de 6 asistentes y un m\u00e1ximo de 10<\/strong><\/p>\n<p>Calcula tu zona horaria en:\u00a0<a href=\"https:\/\/www.worldnetlogistics.com\/calculador-de-zonas-horarias\/?lang=es\" target=\"_blank\" rel=\"noopener noreferrer\">https:\/\/www.worldnetlogistics.com\/calculador-de-zonas-horarias\/?lang=es<\/a><\/p>\n<p>Aprende a utilizar en entorno de programaci\u00f3n Xailer, su editor, opciones de compilaci\u00f3n y paleta de controles.<\/p>\n<p>Al final el curso ser\u00e1s capaz de instalar, ejecutar Xailer y crear un programa b\u00e1sico usando su paleta de controles.<\/p>\n<p>El curso se realizara de forma online a trav\u00e9s de la plataforma Skype<\/p>\n","protected":false},"excerpt":{"rendered":"<p>Conceptos fundamentales del entorno de programaci\u00f3n base para el uso de N\u00e9fele<\/p>\n","protected":false},"featured_media":331,"comment_status":"open","ping_status":"closed","template":"","meta":[],"_links":{"self":[{"href":"https:\/\/nefele.dev\/shop\/wp-json\/wp\/v2\/product\/328"}],"collection":[{"href":"https:\/\/nefele.dev\/shop\/wp-json\/wp\/v2\/product"}],"about":[{"href":"https:\/\/nefele.dev\/shop\/wp-json\/wp\/v2\/types\/product"}],"replies":[{"embeddable":true,"href":"https:\/\/nefele.dev\/shop\/wp-json\/wp\/v2\/comments?post=328"}],"wp:featuredmedia":[{"embeddable":true,"href":"https:\/\/nefele.dev\/shop\/wp-json\/wp\/v2\/media\/331"}],"wp:attachment":[{"href":"https:\/\/nefele.dev\/shop\/wp-json\/wp\/v2\/media?parent=328"}],"curies":[{"name":"wp","href":"https:\/\/api.w.org\/{rel}","templated":true}]}}