{"id":353,"date":"2020-10-30T12:44:48","date_gmt":"2020-10-30T12:44:48","guid":{"rendered":"https:\/\/nefele.dev\/shop\/?post_type=product&#038;p=353"},"modified":"2020-10-30T13:12:40","modified_gmt":"2020-10-30T13:12:40","slug":"iniciacion-a-nefele-personalizada","status":"publish","type":"product","link":"https:\/\/nefele.dev\/shop\/producto\/iniciacion-a-nefele-personalizada\/","title":{"rendered":"Iniciaci\u00f3n a N\u00e9fele Personalizada"},"content":{"rendered":"<div id=\"Hkhcyxj\" style=\"text-align: center; font-size: 28px;\"><strong>Consultor\u00eda B\u00e1sica v\u00eda Skype o TeamViewer<\/strong><\/div>\n<p style=\"text-align: center;\">\u00bfNo sabes por d\u00f3nde empezar para poder usar\u00a0 N\u00e9fele?<\/p>\n<p>&nbsp;<\/p>\n<p>&nbsp;<\/p>\n<p id=\"sPlhfbJ\">\n<p>Puedes completar tu\u00a0 consultor\u00eda b\u00e1sica con nuestros <a href=\"https:\/\/nefele.dev\/tienda\/categoria-producto\/cursos\/\">cursos de formaci\u00f3n<\/a> y nuestros<a href=\"https:\/\/nefele.dev\/tienda\/producto\/suscripcion-pro\/\"> planes de mantenimiento <\/a>\u00a0que incluyen interesantes descuentos al contratar el resto de nuestros servicios<\/p>\n<p><em style=\"font-size: 12px;\">Las sesiones online tendr\u00e1n una duraci\u00f3n m\u00ednima de 30 Minutos y una duraci\u00f3n m\u00e1xima de 3 horas y tendr\u00e1n que ser previamente concertadas por email con nuestro equipo de asistencia.<\/em><br \/>\n<em style=\"font-size: 12px;\">Los bonos no tienen caducidad, siendo posible usarlos cuando se necesiten.<\/em><br \/>\n<em style=\"font-size: 12px;\">En caso de requerir asistencia urgente, o en fines de semana y festivos, pueden generarse costes adicionales.<\/em><\/p>\n","protected":false},"excerpt":{"rendered":"<p>Bono de consultor\u00eda online personalizada v\u00eda Skype o TeamViewer<\/p>\n","protected":false},"featured_media":357,"comment_status":"closed","ping_status":"closed","template":"","meta":[],"_links":{"self":[{"href":"https:\/\/nefele.dev\/shop\/wp-json\/wp\/v2\/product\/353"}],"collection":[{"href":"https:\/\/nefele.dev\/shop\/wp-json\/wp\/v2\/product"}],"about":[{"href":"https:\/\/nefele.dev\/shop\/wp-json\/wp\/v2\/types\/product"}],"replies":[{"embeddable":true,"href":"https:\/\/nefele.dev\/shop\/wp-json\/wp\/v2\/comments?post=353"}],"wp:featuredmedia":[{"embeddable":true,"href":"https:\/\/nefele.dev\/shop\/wp-json\/wp\/v2\/media\/357"}],"wp:attachment":[{"href":"https:\/\/nefele.dev\/shop\/wp-json\/wp\/v2\/media?parent=353"}],"curies":[{"name":"wp","href":"https:\/\/api.w.org\/{rel}","templated":true}]}}