{"id":330,"date":"2020-09-20T18:51:01","date_gmt":"2020-09-20T18:51:01","guid":{"rendered":"https:\/\/nefele.dev\/tienda\/?post_type=product&#038;p=330"},"modified":"2020-10-19T13:48:12","modified_gmt":"2020-10-19T13:48:12","slug":"curso-introduccion-xailer-4-horas","status":"publish","type":"product","link":"https:\/\/nefele.dev\/tienda\/producto\/curso-introduccion-xailer-4-horas\/","title":{"rendered":"Curso Introducci\u00f3n Xailer (4 Horas)"},"content":{"rendered":"<p><strong>PROXIMO CURSO:\u00a0<\/strong><\/p>\n<p><strong>\u00a0 \u00a0 \u00a0 \u00a0 \u00a0Para la realizaci\u00f3n del curso se requerir\u00e1 un m\u00ednimo de 6 asistentes y un m\u00e1ximo de 10<\/strong><\/p>\n<p>&nbsp;<\/p>\n<p>Aprende a utilizar en entorno de programaci\u00f3n Xailer, su editor, opciones de compilaci\u00f3n y paleta de controles.<\/p>\n<p>Al final el curso ser\u00e1s capaz de instalar, ejecutar Xailer y crear un programa b\u00e1sico usando su paleta de controles.<\/p>\n<p>El curso se realizara de forma online a trav\u00e9s de la plataforma Skype<\/p>\n<p>&nbsp;<\/p>\n","protected":false},"excerpt":{"rendered":"<p>Conceptos fundamentales del entorno de programaci\u00f3n base para el uso de N\u00e9fele<\/p>\n","protected":false},"featured_media":335,"comment_status":"open","ping_status":"closed","template":"","meta":[],"_links":{"self":[{"href":"https:\/\/nefele.dev\/tienda\/wp-json\/wp\/v2\/product\/330"}],"collection":[{"href":"https:\/\/nefele.dev\/tienda\/wp-json\/wp\/v2\/product"}],"about":[{"href":"https:\/\/nefele.dev\/tienda\/wp-json\/wp\/v2\/types\/product"}],"replies":[{"embeddable":true,"href":"https:\/\/nefele.dev\/tienda\/wp-json\/wp\/v2\/comments?post=330"}],"wp:featuredmedia":[{"embeddable":true,"href":"https:\/\/nefele.dev\/tienda\/wp-json\/wp\/v2\/media\/335"}],"wp:attachment":[{"href":"https:\/\/nefele.dev\/tienda\/wp-json\/wp\/v2\/media?parent=330"}],"curies":[{"name":"wp","href":"https:\/\/api.w.org\/{rel}","templated":true}]}}